{"id":9,"date":"2018-11-12T16:13:01","date_gmt":"2018-11-12T16:13:01","guid":{"rendered":"http:\/\/totes-pferd-reiten.ch\/?page_id=9"},"modified":"2025-04-25T11:35:12","modified_gmt":"2025-04-25T11:35:12","slug":"home","status":"publish","type":"page","link":"https:\/\/totes-pferd-reiten.ch\/","title":{"rendered":"Home"},"content":{"rendered":"<p>[et_pb_section fb_built=&#187;1&#8243; admin_label=&#187;Hero&#187; _builder_version=&#187;4.16&#8243; background_color=&#187;#37a02e&#187; background_image=&#187;http:\/\/totes-pferd-reiten.ch\/wp-content\/uploads\/2018\/11\/header2.png&#187; background_size=&#187;contain&#187; background_position=&#187;top_right&#187; custom_padding=&#187;0|0|0||false|false&#187; top_divider_height=&#187;38px&#187; global_colors_info=&#187;{}&#187;][et_pb_row _builder_version=&#187;4.16&#8243; custom_margin=&#187;|||&#187; custom_padding=&#187;0|0px|0|0px|false|false&#187; global_colors_info=&#187;{}&#187;][et_pb_column type=&#187;4_4&#8243; _builder_version=&#187;4.16&#8243; custom_padding=&#187;|||&#187; global_colors_info=&#187;{}&#187; custom_padding__hover=&#187;|||&#187;][et_pb_text _builder_version=&#187;4.16&#8243; text_font=&#187;Open Sans||||||||&#187; text_text_color=&#187;#ffff99&#8243; text_font_size=&#187;20px&#187; text_line_height=&#187;2em&#187; header_font=&#187;|800||on|||||&#187; header_font_size=&#187;68px&#187; header_line_height=&#187;1.4em&#187; background_layout=&#187;dark&#187; max_width=&#187;700px&#187; custom_margin=&#187;20px||20px|&#187; text_font_size_tablet=&#187;&#187; text_font_size_phone=&#187;16px&#187; text_font_size_last_edited=&#187;on|phone&#187; header_font_size_tablet=&#187;44px&#187; header_font_size_phone=&#187;24px&#187; header_font_size_last_edited=&#187;on|desktop&#187; header_line_height_tablet=&#187;&#187; header_line_height_phone=&#187;&#187; header_line_height_last_edited=&#187;on|desktop&#187; text_text_shadow_style=&#187;preset3&#8243; text_text_shadow_color=&#187;#000000&#8243; header_text_shadow_style=&#187;preset3&#8243; global_colors_info=&#187;{}&#187;]<\/p>\n<h1><span style=\"color: #ffff99;\">&#171;Wenn du bemerkst, dass du ein totes Pferd reitest, steig ab!&#187;<\/span><\/h1>\n<h4><span style=\"color: #ffff99;\">(M\u00f6glicherweise ein altes Sprichwort der Lakota-Indianer)<\/span><\/h4>\n<p>&nbsp;<\/p>\n<p>[\/et_pb_text][\/et_pb_column][\/et_pb_row][\/et_pb_section][et_pb_section fb_built=&#187;1&#8243; admin_label=&#187;Contact Banner&#187; _builder_version=&#187;4.16&#8243; background_color=&#187;#f25b3a&#187; custom_padding=&#187;0|0px|0|0px|true|false&#187; animation_style=&#187;slide&#187; animation_direction=&#187;bottom&#187; global_colors_info=&#187;{}&#187;][et_pb_row _builder_version=&#187;4.16&#8243; custom_padding=&#187;2px|0px|0|0px|false|false&#187; global_colors_info=&#187;{}&#187;][et_pb_column type=&#187;4_4&#8243; _builder_version=&#187;4.16&#8243; custom_padding=&#187;|||&#187; global_colors_info=&#187;{}&#187; custom_padding__hover=&#187;|||&#187;][et_pb_text _builder_version=&#187;4.16&#8243; header_2_font=&#187;|800|||||||&#187; header_2_font_size=&#187;24px&#187; header_2_line_height=&#187;1.8em&#187; header_4_font=&#187;|800||on|||||&#187; header_4_font_size=&#187;16px&#187; header_4_letter_spacing=&#187;0.5px&#187; header_4_line_height=&#187;1.7em&#187; background_layout=&#187;dark&#187; custom_padding=&#187;|||&#187; header_2_font_size_tablet=&#187;&#187; header_2_font_size_phone=&#187;18px&#187; header_2_font_size_last_edited=&#187;on|phone&#187; locked=&#187;off&#187; global_colors_info=&#187;{}&#187;]<\/p>\n<h2><span style=\"color: #ffff99;\">&#8230;es gibt aber allerlei M\u00f6glichkeiten, <\/span><span style=\"color: #ffff99;\">um tote Pferde weiter zu reiten.\u00a0<\/span><br \/><span style=\"color: #ffff99;\">Zum Beispiel:<\/span><\/h2>\n<p>[\/et_pb_text][\/et_pb_column][\/et_pb_row][\/et_pb_section][et_pb_section fb_built=&#187;1&#8243; admin_label=&#187;Services&#187; _builder_version=&#187;4.16&#8243; custom_padding=&#187;0|0|0|0px|false|false&#187; global_colors_info=&#187;{}&#187;][et_pb_row use_custom_gutter=&#187;on&#187; gutter_width=&#187;1&#8243; padding_top_bottom_link_2=&#187;true&#187; padding_left_right_link_2=&#187;true&#187; _builder_version=&#187;4.16&#8243; custom_padding=&#187;0|0px|27px|0px|false|false&#187; animation_style=&#187;slide&#187; animation_direction=&#187;top&#187; animation_intensity_slide=&#187;20%&#187; locked=&#187;off&#187; global_colors_info=&#187;{}&#187;][et_pb_column type=&#187;4_4&#8243; _builder_version=&#187;4.16&#8243; custom_padding=&#187;|||&#187; global_colors_info=&#187;{}&#187; custom_padding__hover=&#187;|||&#187;][et_pb_text _builder_version=&#187;4.16&#8243; text_font=&#187;Open Sans|700|||||||&#187; text_text_color=&#187;#db4b35&#8243; text_font_size=&#187;16px&#187; text_line_height=&#187;2.5em&#187; ul_font=&#187;Open Sans||||||||&#187; ul_font_size=&#187;16px&#187; ul_line_height=&#187;2.4em&#187; custom_margin=&#187;20px|||&#187; global_colors_info=&#187;{}&#187;]<\/p>\n<ol>\n<li>Wir wechseln den Reiter aus.<\/li>\n<li>Wir sagen: &#171;So haben wir das Pferd doch immer geritten!&#187;<\/li>\n<li>Wir gr\u00fcnden eine Arbeitsgruppe, um das tote Pferd zu analysieren.<\/li>\n<li>Wir erh\u00f6hen die Professionalit\u00e4t der Reiter von toten Pferden mit Hilfe einer Masterausbildung.<\/li>\n<li>Wir bilden eine Task Force, um das tote Pferd wieder zu beleben.<\/li>\n<li>Wir \u00e4ndern die Kriterien, ob ein Pferd tot ist.<\/li>\n<li>Wir formulieren ein Leitbild f\u00fcr das tote Pferd.<\/li>\n<li>Wir befragen die Bev\u00f6lkerung zum Thema &#171;tote Pferde&#187;.<\/li>\n<li>Wir erarbeiten ein Kommunikationskonzept, um &#171;totes Pferd&#187; besser in der Bev\u00f6lkerung zu verankern.<\/li>\n<li>Wir besorgen eine st\u00e4rkere Peitsche.<\/li>\n<li>Wir erh\u00f6hen dank Fund-Raising die Leistung des toten Pferdes.<\/li>\n<li>Wir erkl\u00e4ren der \u00d6ffentlichkeit, dass unser totes Pferd &#171;besser&#187; tot ist als andere tote Pferde.<\/li>\n<li>Wer sagt eigentlich, dass man ein totes Pferd nicht reiten kann?<\/li>\n<li>Wir machen uns keine Sorgen: unser totes Pferd ist ja DIN-ISO-9001-qualit\u00e4tszertifiziert!<\/li>\n<li>Wir stellen das tote Pferd in einen fremden Stall und behaupten, es geh\u00f6re jemand anderem.<\/li>\n<li>Wer tote Pferde verachtet, ist ein Menschenfeind!<\/li>\n<li>Mit der Behauptung, unser totes Pferd sei tot, arbeitest du der SVP in die H\u00e4nde!<\/li>\n<li>Lebendige Pferde sind gef\u00e4hrlich und vereinnahmend!<\/li>\n<li>Von toten Pferden immer mehr Leistung zu erwarten, ist neoliberal!<\/li>\n<li>Wir organisieren regelm\u00e4ssige Teamgespr\u00e4che mit einem externen Supervisor, um die Kommunikation zwischen Reiter und totem Pferd zu verbessern.<\/li>\n<li>Wir erl\u00e4utern dem Pferd, dass sein Verhalten zur Privatisierung \u00f6ffentlicher Dienstleistungen f\u00fchrt.<\/li>\n<li>Wir lassen den Stall renovieren.<\/li>\n<li>Wir stellen fest, dass Andere auch tote Pferde reiten und erkl\u00e4ren dies zum Normalfall: &#171;So ist nun mal das Leben; wer lebendige Pferde reiten will, ist ein Tr\u00e4umer.&#187;<\/li>\n<li>Wir kaufen eine tote Kuh dazu, um ein bisschen Abwechslung in unser Leben zu bringen.<\/li>\n<li>Die Jugend f\u00e4hrt sicher voll auf die Website www.totes-pferd-reiten.ch ab!<\/li>\n<\/ol>\n<p>[\/et_pb_text][\/et_pb_column][\/et_pb_row][\/et_pb_section][et_pb_section fb_built=&#187;1&#8243; _builder_version=&#187;4.16&#8243; background_color=&#187;#37a02e&#187; custom_padding=&#187;0|0px|0|0px|false|false&#187; global_colors_info=&#187;{}&#187;][et_pb_row _builder_version=&#187;4.16&#8243; background_size=&#187;initial&#187; background_position=&#187;top_left&#187; background_repeat=&#187;repeat&#187; custom_padding=&#187;13px|0px|15px|0px|false|false&#187; global_colors_info=&#187;{}&#187;][et_pb_column type=&#187;4_4&#8243; _builder_version=&#187;4.16&#8243; custom_padding=&#187;|||&#187; global_colors_info=&#187;{}&#187; custom_padding__hover=&#187;|||&#187;][et_pb_text _builder_version=&#187;4.16&#8243; text_font=&#187;||||||||&#187; text_text_color=&#187;#ffff99&#8243; global_colors_info=&#187;{}&#187;]<\/p>\n<h2><span style=\"color: #ffff99;\">&#171;Hm. Na gut. Und jetzt?&#187;<\/span><\/h2>\n<p><span style=\"color: #ffff99;\">&#8211; Absteighilfen: Wie steige ich von einem toten Pferd?<\/span><br \/><span style=\"color: #ffff99;\">&#8211; Weiterreiten: Noch mehr Ideen, um tote Pferde zu reiten.<\/span><br \/><span style=\"color: #ffff99;\">&#8211; Tote Pferde im echten Leben.<\/span><\/p>\n<p>[\/et_pb_text][\/et_pb_column][\/et_pb_row][\/et_pb_section][et_pb_section fb_built=&#187;1&#8243; _builder_version=&#187;4.16&#8243; custom_padding=&#187;5px|0px|6px|0px|false|false&#187; global_colors_info=&#187;{}&#187;][et_pb_row column_structure=&#187;1_4,3_4&#8243; _builder_version=&#187;4.16&#8243; custom_padding=&#187;35px|0px|19px|0px|false|false&#187; global_colors_info=&#187;{}&#187;][et_pb_column type=&#187;1_4&#8243; _builder_version=&#187;4.16&#8243; custom_padding=&#187;|||&#187; global_colors_info=&#187;{}&#187; custom_padding__hover=&#187;|||&#187;][et_pb_image src=&#187;http:\/\/totes-pferd-reiten.ch\/wp-content\/uploads\/2018\/11\/absteigen500.jpg&#187; align_tablet=&#187;center&#187; align_phone=&#187;&#187; align_last_edited=&#187;on|desktop&#187; _builder_version=&#187;4.27.4&#8243; hover_enabled=&#187;0&#8243; global_colors_info=&#187;{}&#187; sticky_enabled=&#187;0&#8243; title_text=&#187;absteigen500&#8243;][\/et_pb_image][\/et_pb_column][et_pb_column type=&#187;3_4&#8243; _builder_version=&#187;4.16&#8243; custom_padding=&#187;|||&#187; global_colors_info=&#187;{}&#187; custom_padding__hover=&#187;|||&#187;][et_pb_text _builder_version=&#187;4.16&#8243; global_colors_info=&#187;{}&#187;]<\/p>\n<h2>Absteighilfen:<\/h2>\n<p>[\/et_pb_text][et_pb_blog posts_number=&#187;5&#8243; include_categories=&#187;4&#8243; show_thumbnail=&#187;off&#187; show_author=&#187;off&#187; show_date=&#187;off&#187; show_categories=&#187;off&#187; show_pagination=&#187;off&#187; module_id=&#187;gridcard&#187; _builder_version=&#187;4.16&#8243; header_level=&#187;h4&#8243; header_font=&#187;||||||||&#187; header_font_size=&#187;16&#8243; body_font=&#187;||||||||&#187; body_line_height=&#187;1em&#187; global_colors_info=&#187;{}&#187;][\/et_pb_blog][et_pb_code _builder_version=&#187;4.16&#8243; global_colors_info=&#187;{}&#187;]<\/p>\n<style type=\"text\/css\"><!-- [et_pb_line_break_holder] -->.rv_button_absteigen.closed:after {content:\"\\\\33\";}<!-- [et_pb_line_break_holder] -->.rv_button_absteigen.opened:after{content:\"\\\\32\";}<!-- [et_pb_line_break_holder] --><\/style>\n<p><!-- [et_pb_line_break_holder] --><!-- [et_pb_line_break_holder] --><script type=\"text\/javascript\"><!-- [et_pb_line_break_holder] --> jQuery(document).ready(function() {<!-- [et_pb_line_break_holder] -->\/\/ Hide the div<!-- [et_pb_line_break_holder] -->jQuery('#reveal_absteigen').hide();<!-- [et_pb_line_break_holder] -->jQuery('.rv_button_absteigen').click(function(e){<!-- [et_pb_line_break_holder] -->e.preventDefault();jQuery(\"#reveal_absteigen\").slideToggle();<!-- [et_pb_line_break_holder] -->jQuery('.rv_button_absteigen').toggleClass('opened closed');<!-- [et_pb_line_break_holder] -->});<!-- [et_pb_line_break_holder] -->});<!-- [et_pb_line_break_holder] --><\/script>[\/et_pb_code][et_pb_button button_text=&#187;Alle Absteighilfen&#187; module_class=&#187;rv_button_absteigen closed&#187; _builder_version=&#187;4.16&#8243; custom_button=&#187;on&#187; button_text_color=&#187;#37a02e&#187; button_border_color=&#187;#37a02e&#187; button_icon_color=&#187;#37a02e&#187; global_colors_info=&#187;{}&#187;][\/et_pb_button][et_pb_blog posts_number=&#187;100&#8243; include_categories=&#187;4&#8243; show_thumbnail=&#187;off&#187; show_author=&#187;off&#187; show_date=&#187;off&#187; show_categories=&#187;off&#187; show_pagination=&#187;off&#187; offset_number=&#187;5&#8243; module_id=&#187;reveal_absteigen&#187; _builder_version=&#187;4.16&#8243; header_level=&#187;h4&#8243; header_font_size=&#187;16&#8243; body_line_height=&#187;1em&#187; global_colors_info=&#187;{}&#187;][\/et_pb_blog][\/et_pb_column][\/et_pb_row][et_pb_row column_structure=&#187;1_4,3_4&#8243; disabled_on=&#187;off|off|on&#187; _builder_version=&#187;4.16&#8243; global_colors_info=&#187;{}&#187;][et_pb_column type=&#187;1_4&#8243; _builder_version=&#187;4.16&#8243; custom_padding=&#187;|||&#187; global_colors_info=&#187;{}&#187; custom_padding__hover=&#187;|||&#187;][et_pb_image src=&#187;http:\/\/totes-pferd-reiten.ch\/wp-content\/uploads\/2018\/11\/Weiterreiten500.jpg&#187; align=&#187;right&#187; align_tablet=&#187;center&#187; align_phone=&#187;&#187; align_last_edited=&#187;on|desktop&#187; _builder_version=&#187;4.27.4&#8243; hover_enabled=&#187;0&#8243; global_colors_info=&#187;{}&#187; title_text=&#187;Weiterreiten500&#8243; sticky_enabled=&#187;0&#8243;][\/et_pb_image][et_pb_code _builder_version=&#187;4.16&#8243; global_colors_info=&#187;{}&#187;]<\/p>\n<style type=\"text\/css\"><!-- [et_pb_line_break_holder] -->.rv_button_weiterreiten.closed:after {content:\"\\\\33\";}<!-- [et_pb_line_break_holder] -->.rv_button_weiterreiten.opened:after{content:\"\\\\32\";}<!-- [et_pb_line_break_holder] --><\/style>\n<p><!-- [et_pb_line_break_holder] --><!-- [et_pb_line_break_holder] --><script type=\"text\/javascript\"><!-- [et_pb_line_break_holder] --> jQuery(document).ready(function() {<!-- [et_pb_line_break_holder] -->\/\/ Hide the div<!-- [et_pb_line_break_holder] -->jQuery('#reveal_weiterreiten').hide();<!-- [et_pb_line_break_holder] -->jQuery('.rv_button_weiterreiten').click(function(e){<!-- [et_pb_line_break_holder] -->e.preventDefault();jQuery(\"#reveal_weiterreiten\").slideToggle();<!-- [et_pb_line_break_holder] -->jQuery('.rv_button_weiterreiten').toggleClass('opened closed');<!-- [et_pb_line_break_holder] -->});<!-- [et_pb_line_break_holder] -->});<!-- [et_pb_line_break_holder] --><\/script>[\/et_pb_code][\/et_pb_column][et_pb_column type=&#187;3_4&#8243; _builder_version=&#187;4.16&#8243; custom_padding=&#187;|||&#187; global_colors_info=&#187;{}&#187; custom_padding__hover=&#187;|||&#187;][et_pb_text _builder_version=&#187;4.16&#8243; global_colors_info=&#187;{}&#187;]<\/p>\n<h2>Weiterreiten:<\/h2>\n<p>[\/et_pb_text][et_pb_blog posts_number=&#187;5&#8243; include_categories=&#187;3&#8243; show_thumbnail=&#187;off&#187; show_author=&#187;off&#187; show_date=&#187;off&#187; show_categories=&#187;off&#187; show_pagination=&#187;off&#187; _builder_version=&#187;4.16&#8243; header_level=&#187;h4&#8243; header_font_size=&#187;16&#8243; body_line_height=&#187;1em&#187; global_colors_info=&#187;{}&#187;][\/et_pb_blog][et_pb_button button_text=&#187;Alle Ideen zum Weiterreiten&#187; module_class=&#187;rv_button_weiterreiten closed&#187; _builder_version=&#187;4.16&#8243; custom_button=&#187;on&#187; button_text_color=&#187;#37a02e&#187; button_border_color=&#187;#37a02e&#187; button_icon_color=&#187;#37a02e&#187; global_colors_info=&#187;{}&#187;][\/et_pb_button][et_pb_blog posts_number=&#187;100&#8243; include_categories=&#187;3&#8243; show_thumbnail=&#187;off&#187; show_author=&#187;off&#187; show_date=&#187;off&#187; show_categories=&#187;off&#187; show_pagination=&#187;off&#187; offset_number=&#187;5&#8243; module_id=&#187;reveal_weiterreiten&#187; _builder_version=&#187;4.16&#8243; header_level=&#187;h4&#8243; header_font_size=&#187;16&#8243; body_line_height=&#187;1em&#187; global_colors_info=&#187;{}&#187;][\/et_pb_blog][\/et_pb_column][\/et_pb_row][et_pb_row column_structure=&#187;3_4,1_4&#8243; disabled_on=&#187;on|on|off&#187; _builder_version=&#187;4.16&#8243; global_colors_info=&#187;{}&#187;][et_pb_column type=&#187;3_4&#8243; _builder_version=&#187;4.16&#8243; custom_padding=&#187;|||&#187; global_colors_info=&#187;{}&#187; custom_padding__hover=&#187;|||&#187;][et_pb_text _builder_version=&#187;4.16&#8243; global_colors_info=&#187;{}&#187;]<\/p>\n<h2>Weiterreiten:<\/h2>\n<p>[\/et_pb_text][et_pb_blog posts_number=&#187;5&#8243; include_categories=&#187;3&#8243; show_thumbnail=&#187;off&#187; show_author=&#187;off&#187; show_date=&#187;off&#187; show_categories=&#187;off&#187; show_pagination=&#187;off&#187; _builder_version=&#187;4.16&#8243; header_level=&#187;h4&#8243; header_font_size=&#187;16&#8243; body_line_height=&#187;1em&#187; global_colors_info=&#187;{}&#187;][\/et_pb_blog][et_pb_code _builder_version=&#187;4.16&#8243; global_colors_info=&#187;{}&#187;]<\/p>\n<style type=\"text\/css\"><!-- [et_pb_line_break_holder] -->.rv_button_weiterreiten.closed:after {content:\"\\\\33\";}<!-- [et_pb_line_break_holder] -->.rv_button_weiterreiten.opened:after{content:\"\\\\32\";}<!-- [et_pb_line_break_holder] --><\/style>\n<p><!-- [et_pb_line_break_holder] --><!-- [et_pb_line_break_holder] --><script type=\"text\/javascript\"><!-- [et_pb_line_break_holder] --> jQuery(document).ready(function() {<!-- [et_pb_line_break_holder] -->\/\/ Hide the div<!-- [et_pb_line_break_holder] -->jQuery('#reveal_weiterreiten').hide();<!-- [et_pb_line_break_holder] -->jQuery('.rv_button_weiterreiten').click(function(e){<!-- [et_pb_line_break_holder] -->e.preventDefault();jQuery(\"#reveal_weiterreiten\").slideToggle();<!-- [et_pb_line_break_holder] -->jQuery('.rv_button_weiterreiten').toggleClass('opened closed');<!-- [et_pb_line_break_holder] -->});<!-- [et_pb_line_break_holder] -->});<!-- [et_pb_line_break_holder] --><\/script>[\/et_pb_code][et_pb_button button_text=&#187;Alle Ideen zum Weiterreiten&#187; module_class=&#187;rv_button_weiterreiten closed&#187; _builder_version=&#187;4.16&#8243; custom_button=&#187;on&#187; button_text_color=&#187;#37a02e&#187; button_border_color=&#187;#37a02e&#187; button_icon_color=&#187;#37a02e&#187; global_colors_info=&#187;{}&#187;][\/et_pb_button][et_pb_blog posts_number=&#187;100&#8243; include_categories=&#187;3&#8243; show_thumbnail=&#187;off&#187; show_author=&#187;off&#187; show_date=&#187;off&#187; show_categories=&#187;off&#187; show_pagination=&#187;off&#187; offset_number=&#187;5&#8243; module_id=&#187;reveal_weiterreiten&#187; _builder_version=&#187;4.16&#8243; header_level=&#187;h4&#8243; header_font_size=&#187;16&#8243; body_line_height=&#187;1em&#187; global_colors_info=&#187;{}&#187;][\/et_pb_blog][\/et_pb_column][et_pb_column type=&#187;1_4&#8243; _builder_version=&#187;4.16&#8243; custom_padding=&#187;|||&#187; global_colors_info=&#187;{}&#187; custom_padding__hover=&#187;|||&#187;][et_pb_image src=&#187;http:\/\/totes-pferd-reiten.ch\/wp-content\/uploads\/2018\/11\/Weiterreiten500.jpg&#187; align=&#187;right&#187; align_tablet=&#187;center&#187; align_phone=&#187;&#187; align_last_edited=&#187;on|desktop&#187; _builder_version=&#187;4.27.4&#8243; hover_enabled=&#187;0&#8243; global_colors_info=&#187;{}&#187; title_text=&#187;Weiterreiten500&#8243; sticky_enabled=&#187;0&#8243;][\/et_pb_image][\/et_pb_column][\/et_pb_row][et_pb_row column_structure=&#187;1_4,3_4&#8243; _builder_version=&#187;4.16&#8243; global_colors_info=&#187;{}&#187;][et_pb_column type=&#187;1_4&#8243; _builder_version=&#187;4.16&#8243; custom_padding=&#187;|||&#187; global_colors_info=&#187;{}&#187; custom_padding__hover=&#187;|||&#187;][et_pb_image src=&#187;http:\/\/totes-pferd-reiten.ch\/wp-content\/uploads\/2018\/11\/totespferd-500.jpg&#187; align_tablet=&#187;center&#187; align_phone=&#187;&#187; align_last_edited=&#187;on|desktop&#187; _builder_version=&#187;4.27.4&#8243; hover_enabled=&#187;0&#8243; global_colors_info=&#187;{}&#187; title_text=&#187;totespferd 500&#8243; sticky_enabled=&#187;0&#8243;][\/et_pb_image][\/et_pb_column][et_pb_column type=&#187;3_4&#8243; _builder_version=&#187;4.16&#8243; custom_padding=&#187;|||&#187; global_colors_info=&#187;{}&#187; custom_padding__hover=&#187;|||&#187;][et_pb_text _builder_version=&#187;4.16&#8243; global_colors_info=&#187;{}&#187;]<\/p>\n<h2>Tote Pferde:<\/h2>\n<p>[\/et_pb_text][et_pb_blog posts_number=&#187;5&#8243; include_categories=&#187;5&#8243; show_thumbnail=&#187;off&#187; show_author=&#187;off&#187; show_date=&#187;off&#187; show_categories=&#187;off&#187; show_pagination=&#187;off&#187; module_id=&#187;gridcard&#187; _builder_version=&#187;4.16&#8243; header_level=&#187;h4&#8243; header_font_size=&#187;16&#8243; body_line_height=&#187;1em&#187; global_colors_info=&#187;{}&#187;][\/et_pb_blog][et_pb_code _builder_version=&#187;4.16&#8243; global_colors_info=&#187;{}&#187;]<\/p>\n<style type=\"text\/css\"><!-- [et_pb_line_break_holder] -->.rv_button_tote_pferde.closed:after {content:\"\\\\33\";}<!-- [et_pb_line_break_holder] -->.rv_button_tote_pferde.opened:after{content:\"\\\\32\";}<!-- [et_pb_line_break_holder] --><\/style>\n<p><!-- [et_pb_line_break_holder] --><!-- [et_pb_line_break_holder] --><script type=\"text\/javascript\"><!-- [et_pb_line_break_holder] --> jQuery(document).ready(function() {<!-- [et_pb_line_break_holder] -->\/\/ Hide the div<!-- [et_pb_line_break_holder] -->jQuery('#reveal_tote_pferde').hide();<!-- [et_pb_line_break_holder] -->jQuery('.rv_button_tote_pferde').click(function(e){<!-- [et_pb_line_break_holder] -->e.preventDefault();jQuery(\"#reveal_tote_pferde\").slideToggle();<!-- [et_pb_line_break_holder] -->jQuery('.rv_button_tote_pferde').toggleClass('opened closed');<!-- [et_pb_line_break_holder] -->});<!-- [et_pb_line_break_holder] -->});<!-- [et_pb_line_break_holder] --><\/script>[\/et_pb_code][et_pb_button button_text=&#187;Alle toten Pferde&#187; module_class=&#187;rv_button_tote_pferde closed&#187; _builder_version=&#187;4.16&#8243; custom_button=&#187;on&#187; button_text_color=&#187;#37a02e&#187; button_border_color=&#187;#37a02e&#187; button_icon_color=&#187;#37a02e&#187; global_colors_info=&#187;{}&#187;][\/et_pb_button][et_pb_blog posts_number=&#187;100&#8243; include_categories=&#187;5&#8243; show_thumbnail=&#187;off&#187; show_author=&#187;off&#187; show_date=&#187;off&#187; show_categories=&#187;off&#187; show_pagination=&#187;off&#187; offset_number=&#187;5&#8243; module_id=&#187;reveal_tote_pferde&#187; _builder_version=&#187;4.16&#8243; header_level=&#187;h4&#8243; header_font_size=&#187;16&#8243; body_line_height=&#187;1em&#187; global_colors_info=&#187;{}&#187;][\/et_pb_blog][\/et_pb_column][\/et_pb_row][\/et_pb_section][et_pb_section fb_built=&#187;1&#8243; admin_label=&#187;Footer&#187; _builder_version=&#187;4.16&#8243; background_color=&#187;#f25b3a&#187; custom_padding=&#187;0||0||true|false&#187; global_colors_info=&#187;{}&#187;][et_pb_row _builder_version=&#187;4.16&#8243; global_colors_info=&#187;{}&#187;][et_pb_column type=&#187;4_4&#8243; _builder_version=&#187;4.16&#8243; custom_padding=&#187;|||&#187; global_colors_info=&#187;{}&#187; custom_padding__hover=&#187;|||&#187;][et_pb_contact_form use_spam_service=&#187;on&#187; recaptcha_list=&#187;thierry-0&#8243; email=&#187;thierry@moosbrugger.me&#187; title=&#187;Und was kennst Du f\u00fcr Absteighilfen, tote Pferde und Ideen zum Weiterreiten?&#187; success_message=&#187;Vielen Dank. Wir werden deinen Beitrag pr\u00fcfen und freigeben.&#187; submit_button_text=&#187;Abschicken&#187; module_id=&#187;et_pb_contact_form_0&#8243; _builder_version=&#187;4.16&#8243; _unique_id=&#187;e9ea3e24-a38d-4f3b-8330-bb392543e24f&#187; title_text_color=&#187;#ffff99&#8243; custom_button=&#187;on&#187; button_text_color=&#187;#ffff99&#8243; button_border_color=&#187;#ffff99&#8243; button_font=&#187;||||||||&#187; button_icon_color=&#187;#ffffff&#187; custom_css_captcha_label=&#187;color:#fff;&#187; global_colors_info=&#187;{}&#187;][et_pb_contact_field field_id=&#187;Beitrag-Typ&#187; field_title=&#187;W\u00e4hle die Kategorie (dropdown)&#187; field_type=&#187;select&#187; select_options=&#187;%91{%22value%22:%22Absteighilfen%22,%22checked%22:0,%22dragID%22:-1},{%22value%22:%22Tote Pferde%22,%22checked%22:0,%22dragID%22:1},{%22value%22:%22Weiterreiten%22,%22checked%22:0,%22dragID%22:0}%93&#8243; _builder_version=&#187;4.16&#8243; global_colors_info=&#187;{}&#187;][\/et_pb_contact_field][et_pb_contact_field field_id=&#187;Name&#187; field_title=&#187;(Nick-)Name&#187; _builder_version=&#187;4.16&#8243; global_colors_info=&#187;{}&#187;][\/et_pb_contact_field][et_pb_contact_field field_id=&#187;e-mail&#187; field_title=&#187;e-mail-Adresse (wird nicht ver\u00f6ffentlicht)&#187; field_type=&#187;email&#187; fullwidth_field=&#187;on&#187; _builder_version=&#187;4.16&#8243; global_colors_info=&#187;{}&#187;][\/et_pb_contact_field][et_pb_contact_field field_id=&#187;Beitrag&#187; field_title=&#187;Beitrag&#187; field_type=&#187;text&#187; fullwidth_field=&#187;on&#187; _builder_version=&#187;4.16&#8243; global_colors_info=&#187;{}&#187;][\/et_pb_contact_field][\/et_pb_contact_form][\/et_pb_column][\/et_pb_row][\/et_pb_section][et_pb_section fb_built=&#187;1&#8243; admin_label=&#187;Footer&#187; _builder_version=&#187;4.16&#8243; background_color=&#187;#37a02e&#187; custom_padding=&#187;0||0||true|false&#187; global_colors_info=&#187;{}&#187;][et_pb_row _builder_version=&#187;4.16&#8243; global_colors_info=&#187;{}&#187;][et_pb_column type=&#187;4_4&#8243; _builder_version=&#187;4.16&#8243; custom_padding=&#187;|||&#187; global_colors_info=&#187;{}&#187; custom_padding__hover=&#187;|||&#187;][et_pb_text _builder_version=&#187;4.16&#8243; text_text_color=&#187;#ffffff&#187; header_text_color=&#187;#ffffff&#187; background_layout=&#187;dark&#187; global_colors_info=&#187;{}&#187;]<\/p>\n<h2><span style=\"color: #ffff99;\">Die schaurigsten toten Pferde im Bild<br \/><\/span><span style=\"color: #ffff99; font-size: medium;\">(gegen das Romantisieren von toten Pferden&#8230;):<\/span><\/h2>\n<p>[\/et_pb_text][et_pb_gallery gallery_ids=&#187;208,210,63,211,209,71,64,65,66,67,68,69&#8243; posts_number=&#187;12&#8243; show_pagination=&#187;off&#187; _builder_version=&#187;4.16&#8243; global_colors_info=&#187;{}&#187;][\/et_pb_gallery][\/et_pb_column][\/et_pb_row][\/et_pb_section]<\/p>\n","protected":false},"excerpt":{"rendered":"<p>&#171;Wenn du bemerkst, dass du ein totes Pferd reitest, steig ab!&#187; (M\u00f6glicherweise ein altes Sprichwort der Lakota-Indianer) &nbsp; &#8230;es gibt aber allerlei M\u00f6glichkeiten, um tote Pferde weiter zu reiten.\u00a0Zum Beispiel: Wir wechseln den Reiter aus. Wir sagen: &#171;So haben wir das Pferd doch immer geritten!&#187; Wir gr\u00fcnden eine Arbeitsgruppe, um das tote Pferd zu analysieren. [&hellip;]<\/p>\n","protected":false},"author":1,"featured_media":0,"parent":0,"menu_order":0,"comment_status":"closed","ping_status":"closed","template":"","meta":{"_et_pb_use_builder":"on","_et_pb_old_content":"","_et_gb_content_width":"","footnotes":""},"class_list":["post-9","page","type-page","status-publish","hentry"],"jetpack_sharing_enabled":true,"_links":{"self":[{"href":"https:\/\/totes-pferd-reiten.ch\/index.php\/wp-json\/wp\/v2\/pages\/9","targetHints":{"allow":["GET"]}}],"collection":[{"href":"https:\/\/totes-pferd-reiten.ch\/index.php\/wp-json\/wp\/v2\/pages"}],"about":[{"href":"https:\/\/totes-pferd-reiten.ch\/index.php\/wp-json\/wp\/v2\/types\/page"}],"author":[{"embeddable":true,"href":"https:\/\/totes-pferd-reiten.ch\/index.php\/wp-json\/wp\/v2\/users\/1"}],"replies":[{"embeddable":true,"href":"https:\/\/totes-pferd-reiten.ch\/index.php\/wp-json\/wp\/v2\/comments?post=9"}],"version-history":[{"count":83,"href":"https:\/\/totes-pferd-reiten.ch\/index.php\/wp-json\/wp\/v2\/pages\/9\/revisions"}],"predecessor-version":[{"id":278,"href":"https:\/\/totes-pferd-reiten.ch\/index.php\/wp-json\/wp\/v2\/pages\/9\/revisions\/278"}],"wp:attachment":[{"href":"https:\/\/totes-pferd-reiten.ch\/index.php\/wp-json\/wp\/v2\/media?parent=9"}],"curies":[{"name":"wp","href":"https:\/\/api.w.org\/{rel}","templated":true}]}}